13, 19, 18919
What are the prime factors of 5022290239?
281, 2851, 6269
List the prime factors of 146194143.
3, 48731381
What are the prime factors of 2322862835?
5, 241, 1927687
What are the prime factors of 162754440?
2, 3, 5, 23, 109, 541
What are the prime factors of 794677395?
3, 5, 52978493
What are the prime factors of 170733990?
2, 3, 5, 7, 197, 4127
List the prime factors of 446404519.
11, 37, 1096817
List the prime factors of 187027142.
2, 53, 1764407
List the prime factors of 853205993.
47, 3011, 6029
List the prime factors of 211313635.
5, 13, 3250979
List the prime factors of 3047661323.
7, 41, 167, 63587
What are the prime factors of 1483239600?
2, 3, 5, 45779
List the prime factors of 5880856764.
2, 3, 47, 523, 19937
List the prime factors of 483410963.
7, 17, 67, 60631
What are the prime factors of 167350469?
11, 13, 1061, 1103
What are the prime factors of 79742407?
79742407
List the prime factors of 112057914.
2, 3, 17, 29, 43, 881
What are the prime factors of 63379894?
2, 751, 42197
What are the prime factors of 37741126?
2, 18870563
What are the prime factors of 256795327?
256795327
List the prime factors of 31598662.
2, 15799331
List the prime factors of 226377890.
2, 5, 22637789
List the prime factors of 765151357.
765151357
List the prime factors of 59434531.
13, 4571887
List the prime factors of 104513674.
2, 41, 1274557
List the prime factors of 362809596.
2, 3, 30234133
List the prime factors of 1904360681.
1904360681
List the prime factors of 221381945.
5, 44276389
What are the prime factors of 20903822?
2, 1061, 9851
List the prime factors of 67716799.
3823, 17713
List the prime factors of 2603959091.
1103, 2360797
What are the prime factors of 253787298?
2, 3, 5869, 7207
List the prime factors of 136023935.
5, 27204787
List the prime factors of 71304292.
2, 53, 179, 1879
What are the prime factors of 333954481?
7, 6163, 7741
List the prime factors of 385765223.
23, 71, 236231
What are the prime factors of 79962000?
2, 3, 5, 13327
List the prime factors of 608472776.
2, 4591, 16567
What are the prime factors of 110276952?
2, 3, 263, 17471
List the prime factors of 4090848525.
3, 5, 1487, 12227
List the prime factors of 371241789.
3, 29, 269, 547
What are the prime factors of 16321413?
3, 73, 74527
List the prime factors of 49896267.
3, 31, 53, 191
What are the prime factors of 303953307?
3, 7, 211, 68597
What are the prime factors of 62670707?
11, 181, 31477
What are the prime factors of 222420419?
13, 23, 743881
What are the prime factors of 153536804?
2, 2999, 12799
List the prime factors of 347496311.
347496311
What are the prime factors of 748738449?
3, 2621, 31741
What are the prime factors of 89632443?
3, 19, 1069, 1471
What are the prime factors of 148775306?
2, 41, 1091, 1663
What are the prime factors of 314110748?
2, 7, 11218241
List the prime factors of 70852115.
5, 1663, 8521
What are the prime factors of 501582480?
2, 3, 5, 7, 31, 9631
List the prime factors of 96110786.
2, 383, 125471
List the prime factors of 20949750.
2, 3, 5, 9311
What are the prime factors of 468612099?
3, 52068011
List the prime factors of 2410434206.
2, 223, 5404561
List the prime factors of 5900778628.
2, 1475194657
What are the prime factors of 40538471?
101, 401371
List the prime factors of 182904813.
3, 7, 13, 41, 419
List the prime factors of 534513824.
2, 13, 1284889
List the prime factors of 1825046313.
3, 199, 1297, 2357
List the prime factors of 1820640622.
2, 7591, 119921
List the prime factors of 168556573.
168556573
List the prime factors of 29523882.
2, 3, 4920647
What are the prime factors of 190796901?
3, 37, 1718891
What are the prime factors of 56151207?
3, 7, 157, 811
List the prime factors of 147471899.
37, 71, 73, 769
List the prime factors of 7989435633.
3, 491, 5423921
What are the prime factors of 724833659?
11, 61, 1080229
List the prime factors of 204536171.
7, 23, 31, 107, 383
What are the prime factors of 855394844?
2, 211, 1013501
What are the prime factors of 116552154?
2, 3, 1613, 12043
List the prime factors of 1672610503.
1672610503
What are the prime factors of 32275742?
2, 3449, 4679
What are the prime factors of 2536376053?
67, 37856359
List the prime factors of 1898106531.
3, 19927, 31751
List the prime factors of 10367057.
1151, 9007
What are the prime factors of 360552285?
3, 5, 683, 11731
List the prime factors of 146331164.
2, 7, 5226113
What are the prime factors of 186485577?
3, 62161859
List the prime factors of 70442490.
2, 3, 5, 2348083
What are the prime factors of 93186505?
5, 179, 104119
List the prime factors of 81097682.
2, 40548841
List the prime factors of 18501486.
2, 3, 3083581
List the prime factors of 2274691.
2274691
What are the prime factors of 78652746?
2, 3, 113, 38669
What are the prime factors of 221540744?
2, 29, 954917
List the prime factors of 95937033.
3, 31, 887, 1163
What are the prime factors of 291960124?
2, 281, 259751
What are the prime factors of 14917843?
14917843
List the prime factors of 2495658366.
2, 3, 138647687
List the prime factors of 9703751.
233, 41647
List the prime factors of 2203281798.
2, 3, 71, 743, 6961
What are the prime factors of 25052800?
2, 5, 7829
List the prime factors of 48209918.
2, 443, 54413
What are the prime factors of 57186?
2, 3, 353
What are the prime factors of 265892246?
2, 191, 696053
What are the prime factors of 6794076?
2, 3, 566173
What are the prime factors of 248684609?
43, 5783363
List the prime factors of 51045531.
3, 17015177
List the prime factors of 1726935023.
11, 19, 79, 104593
List the prime factors of 48530163.
3, 11, 1470611
What are the prime factors of 20872217?
20872217
List the prime factors of 175885338.
2, 3, 29314223
What are the prime factors of 366264739?
37, 373, 26539
List the prime factors of 1260280602.
2, 3, 7, 19, 103, 269
What are the prime factors of 3010355773?
3010355773
List the prime factors of 143291617.
7, 3701, 5531
List the prime factors of 1708205721.
3, 1009, 564323
List the prime factors of 711714555.
3, 5, 79, 200201
List the prime factors of 63621477.
3, 2356351
What are the prime factors of 4549498655?
5, 13, 67, 211, 4951
List the prime factors of 339827194.
2, 7, 43, 564497
List the prime factors of 145046646.
2, 3, 19, 141371
List the prime factors of 12223858.
2, 31, 197159
List the prime factors of 8808358.
2, 13, 41, 8263
What are the prime factors of 126306212?
2, 251, 125803
What are the prime factors of 2357108811?
3, 101, 2593079
What are the prime factors of 269934478?
2, 11, 43, 285343
List the prime factors of 94613073.
3, 31537691
List the prime factors of 93693193.
11, 8517563
List the prime factors of 536113101.
3, 19, 31, 127, 2389
What are the prime factors of 42610325?
5, 67, 25439
What are the prime factors of 62092036?
2, 197, 78797
What are the prime factors of 32271873?
3, 10757291
List the prime factors of 4194665010.
2, 3, 5, 883, 52783
List the prime factors of 38829374.
2, 239, 81233
What are the prime factors of 1926993328?
2, 13, 9264391
What are the prime factors of 248460906?
2, 3, 1787, 23173
List the prime factors of 9994208.
2, 7, 44617
List the prime factors of 872373987.
3, 96930443
What are the prime factors of 115861578?
2, 3, 7, 37, 10651
List the prime factors of 766032289.
11, 31, 73, 30773
What are the prime factors of 166491707?
4799, 34693
List the prime factors of 57523291.
7, 17, 483389
List the prime factors of 222979862.
2, 7, 15927133
List the prime factors of 17111231.
17, 1006543
What are the prime factors of 1432404722?
2, 7, 102314623
What are the prime factors of 712530508?
2, 61, 2920207
What are the prime factors of 42637651?
7, 941, 6473
List the prime factors of 1886729730.
2, 3, 5, 59, 1065949
List the prime factors of 348155309.
348155309
List the prime factors of 135214677.
3, 13, 23, 1861
List the prime factors of 3185588673.
3, 17, 73, 223, 1279
What are the prime factors of 67717616?
2, 4232351
What are the prime factors of 1463875499?
61, 3539, 6781
List the prime factors of 9227695.
5, 1845539
What are the prime factors of 165694604?
2, 41423651
List the prime factors of 5099372.
2, 19, 229, 293
List the prime factors of 7820497416.
2, 3, 193, 1688363
List the prime factors of 43883721.
3, 7, 232189
What 